 10) in base 16?
1
15 (base 10) to base 11
14
4 (base 13) to base 2
100
Convert 5 (base 8) to base 4.
11
What is 1 (base 16) in base 13?
1
Convert 2 (base 7) to base 14.
2
What is -2 (base 10) in base 7?
-2
What is -12220 (base 3) in base 10?
-159
-6 (base 7) to base 6
-10
What is -1012 (base 4) in base 5?
-240
1 (base 10) to base 15
1
3 (base 8) to base 12
3
What is -4a (base 12) in base 4?
-322
Convert -5 (base 9) to base 6.
-5
Convert -10111 (base 2) to base 4.
-113
Convert -2 (base 6) to base 9.
-2
What is 8 (base 11) in base 3?
22
What is 14 (base 16) in base 12?
18
What is -6 (base 14) in base 6?
-10
Convert 26 (base 16) to base 7.
53
What is 9 (base 12) in base 9?
10
Convert -12 (base 12) to base 14.
-10
What is 3 (base 12) in base 11?
3
What is 7 (base 16) in base 4?
13
What is 0 (base 15) in base 16?
0
Convert 14 (base 7) to base 5.
21
186 (base 12) to base 11
204
What is 3 (base 11) in base 15?
3
Convert -13 (base 5) to base 13.
-8
What is -3 (base 15) in base 5?
-3
Convert -3 (base 11) to base 2.
-11
What is 5 (base 11) in base 10?
5
What is -2 (base 11) in base 14?
-2
What is 1 (base 9) in base 10?
1
130 (base 7) to base 8
106
-1 (base 13) to base 8
-1
What is -1c2 (base 15) in base 5?
-3112
Convert -30 (base 5) to base 2.
-1111
What is 0 (base 5) in base 11?
0
What is -11c (base 14) in base 12?
-166
-453 (base 6) to base 14
-c9
What is 10302 (base 4) in base 14?
17c
30 (base 9) to base 15
1c
What is 5 (base 6) in base 2?
101
-1 (base 14) to base 8
-1
What is -2 (base 8) in base 11?
-2
Convert 111 (base 6) to base 16.
2b
What is 6 (base 13) in base 3?
20
What is -c (base 15) in base 10?
-12
1 (base 4) to base 9
1
b (base 12) to base 2
1011
What is 122 (base 9) in base 2?
1100101
Convert -22 (base 3) to base 7.
-11
-3 (base 9) to base 3
-10
Convert -4 (base 15) to base 4.
-10
What is 7 (base 8) in base 3?
21
Convert -10 (base 4) to base 12.
-4
-123 (base 5) to base 2
-100110
Convert 163 (base 11) to base 8.
276
What is 7 (base 16) in base 14?
7
Convert 1b (base 14) to base 9.
27
-1 (base 4) to base 14
-1
3 (base 6) to base 4
3
Convert -1b (base 14) to base 4.
-121
What is -1 (base 15) in base 8?
-1
-2 (base 6) to base 7
-2
What is 8 (base 16) in base 2?
1000
-23 (base 14) to base 4
-133
What is 32 (base 8) in base 2?
11010
Convert -4 (base 11) to base 4.
-10
What is 211 (base 3) in base 5?
42
What is -101 (base 7) in base 13?
-3b
Convert 310 (base 4) to base 7.
103
What is 1 (base 7) in base 8?
1
11 (base 7) to base 16
8
What is 1 (base 10) in base 9?
1
Convert 10100 (base 3) to base 8.
132
Convert 11 (base 4) to base 14.
5
What is 20 (base 6) in base 16?
c
Convert 13 (base 11) to base 10.
14
Convert -3 (base 10) to base 5.
-3
Convert -2 (base 16) to base 5.
-2
What is -35 (base 16) in base 4?
-311
-1110 (base 2) to base 6
-22
What is 3 (base 11) in base 15?
3
-4 (base 8) to base 15
-4
Convert 3 (base 12) to base 15.
3
Convert -2 (base 14) to base 15.
-2
Convert 1b (base 14) to base 8.
31
Convert -11b (base 13) to base 14.
-db
6 (base 15) to base 5
11
Convert 120 (base 3) to base 10.
15
What is -129 (base 10) in base 4?
-2001
What is -2121 (base 3) in base 12?
-5a
Convert -20021 (base 3) to base 10.
-169
Convert -101 (base 2) to base 6.
-5
Convert -30 (base 4) to base 8.
-14
Convert 2a (base 15) to base 5.
130
Convert 8 (base 15) to base 13.
8
172 (base 12) to base 16
e6
-20 (base 4) to base 5
-13
Convert -2 (base 16) to base 9.
-2
Convert -1300 (base 4) to base 13.
-88
Convert -9 (base 13) to base 15.
-9
-34 (base 16) to base 4
-310
What is -1 (base 2) in base 11?
-1
1 (base 16) to base 2
1
What is 3a (base 11) in base 2?
101011
What is 24 (base 5) in base 10?
14
Convert 21 (base 3) to base 16.
7
-17 (base 12) to base 2
-10011
Convert 2 (base 16) to base 5.
2
What is 1 (base 9) in base 16?
1
What is 1 (base 16) in base 13?
1
What is -6 (base 13) in base 4?
-12
What is -10 (base 12) in base 15?
-c
Convert -211 (base 3) to base 11.
-20
Convert 5 (base 14) to base 15.
5
-34 (base 12) to base 15
-2a
What is 5 (base 10) in base 12?
5
6 (base 16) to base 15
6
Convert 10 (base 8) to base 11.
8
Convert 12 (base 3) to base 10.
5
20 (base 13) to base 16
1a
What is 11232 (base 4) in base 10?
366
What is -5 (base 10) in base 14?
-5
11100 (base 2) to base 4
130
10 (base 15) to base 16
f
1011010 (base 2) to base 14
66
10 (base 11) to base 8
13
-22 (base 4) to base 16
-a
Convert -3 (base 13) to base 14.
-3
What is -1022 (base 3) in base 11?
-32
3 (base 7) to base 15
3
What is 13 (base 5) in base 6?
12
Convert 7 (base 12) to base 16.
7
What is 110 (base 2) in base 13?
6
-267 (base 8) to base 10
-183
Convert -8 (base 15) to base 16.
-8
Convert -1 (base 5) to base 2.
-1
102 (base 4) to base 8
22
-1010 (base 2) to base 14
-a
-117 (base 13) to base 4
-2331
Convert -8 (base 9) to base 13.
-8
What is 18 (base 14) in base 15?
17
-1 (base 11) to base 10
-1
Convert 5 (base 10) to base 2.
101
Convert -5 (base 14) to base 12.
-5
3 (base 16) to base 10
3
Convert 163 (base 10) to base 12.
117
Convert -13 (base 15) to base 3.
-200
Convert 14 (base 6) to base 13.
a
121 (base 6) to base 9
54
What is 3 (base 11) in base 7?
3
Convert 210 (base 7) to base 2.
1101001
32 (base 4) to base 11
13
-23 (base 9) to base 5
-41
What is 0 (base 15) in base 10?
0
What is 1 (base 9) in base 10?
1
What is 0 (base 5) in base 14?
0
-2 (base 14) to base 6
-2
Convert 2101 (base 3) to base 8.
100
12 (base 12) to base 13
11
-65 (base 9) to base 6
-135
What is -1010 (base 2) in base 11?
-a
Convert -18 (base 9) to base 15.
-12
Convert -8 (base 9) to base 14.
-8
What is -366 (base 9) in base 6?
-1223
-2 (base 5) to base 14
-2
-31 (base 15) to base 5
-141
10 (base 6) to base 14
6
Convert 17 (base 11) to base 4.
102
Convert -14 (base 7) to base 2.
-1011
What is -2 (base 12) in base 8?
-2
40 (base 7) to base 4
130
-1b (base 15) to base 6
-42
Convert 28 (base 14) to base 8.
44
52 (base 8) to base 10
42
What is 30 (base 6) in base 4?
102
What is 143 (base 7) in base 8?
120
-102 (base 3) to base 7
-14
Convert -24 (base 13) to base 10.
-30
Convert -3 (base 4) to base 14.
-3
What is -1 (base 2) in base 15?
-1
Convert -1011 (base 3) to base 10.
-31
2 (base 10) to base 2
10
Convert -16 (base 7) to base 5.
-23
What is a8 (base 13) in base 6?
350
What is -6 (base 14) in base 16?
-6
What is -1 (base 16) in base 4?
-1
Convert 0 (base 3) to base 10.
0
Convert -8 (base 11) to base 5.
-13
Convert -4 (base 11) to base 13.
-4
Convert 1 (base 12) to base 5.
1
-3 (base 12) to base 9
-3
-563 (base 7) to base 13
-194
0 (base 3) to base 4
0
What is 2 (base 16) in base 3?
2
Convert 4 (base 5) to base 6.
4
32 (base 15) to base 12
3b
2 (base 16) to base 8
2
What is 1 (base 15) in base 14?
1
Convert -131 (base 5) to base 15.
-2b
Convert 103 (base 5) to base 16.
1c
1330 (base 4) to base 16
7c
What is -4 (base 16) in base 11?
-4
-1011 (base 3) to base 14
-23
-21 (base 3) to base 12
-7
Convert 30 (base 5) to base 2.
1111
What is -113 (base 7) in base 13?
-47
Convert -2 (base 10) to base 13.
-2
Convert 5 (base 12) to base 2.
101
12 (base 3) to base 6
5
Convert 4d (base 14) to base 13.
54
What is 2 (base 8) in base 14?
2
What is 44 (base 16) in base 4?
1010
-18 (base 15) to base 12
-1b
4 (base 11) to base 4
10
Convert 13 (base 16) to base 2.
10011
What is -228 (base 9) in base 7?
-356
Convert 41 (base 6) to base 3.
221
Convert -34 (base 8) to base 11.
-26
9 (base 10) to base 2
1001
Convert 24 (base 14) to base 6.
52
Convert 10 (base 3) to base 13.
3
-311 (base 4) to base 12
-45
What is 3 (base 13) in base 11?
3
-12 (base 6) to base 12
-8
Convert 1 (base 14) to base 11.
1
56 (base 7) to base 11
38
-20 (base 3) to base 8
-6
Convert -110 (base 3) to base 10.
-12
What is 8 (base 11) in base 14?
8
-11221 (base 3) to base 6
-341
Convert -2 (base 10) to base 3.
-2
4 (base 12) to base 11
4
Convert 11 (base 2) to base 12.
3
Convert 7 (base 14) to base 13.
7
9 (base 10) to base 11
9
What is 1111 (base 2) in base 14?
11
Convert 5 (base 11) to base 12.
5
Convert -20 (base 3) to base 6.
-10
Convert -32 (base 4) to base 2.
-1110
-1 (base 10) to base 3
-1
What is -8 (base 15) in base 3?
-22
2 (base 15) to base 9
2
-180 (base 11) to base 15
-de
Convert -10101100 (base 2) to base 15.
-b7
1 (base 4) to base 2
1
What is -3 (base 4) in